*c + 3*l - 283 = 0, -570 = -2*c - 5*l. Suppose 0 = -z - 2*z. Suppose -c = -z*h - 5*h. What is the remainder when h is divided by 20?
19
Suppose -2*g - k - 2 = 0, -4*g + 0*k - 3*k - 2 = 0. Calculate the remainder when g/8 + (-233)/(-4) is divided by 20.
18
Suppose -30*j - 34 = -32*j. Calculate the remainder when 62 is divided by j.
11
Suppose -12 = u - 4*x + 2, 5*u - 2*x - 2 = 0. Calculate the remainder when 3 is divided by (-7)/(-6) + u/(-12).
0
Suppose j = -0*j + 37. What is the remainder when j is divided by 10?
7
Let w = 9 - 18. Calculate the remainder when 18 is divided by -4 - (-4 + -1) - w.
8
Let t(l) = -2*l. Let b be t(-1). Suppose b*d = 5*n - 17 - 2, 4*d + 8 = 0. Calculate the remainder when 8 is divided by n.
2
Suppose 2*u = v + 27, 5*v - 74 - 1 = -4*u. Let t(k) be the third derivative of k**4/6 - 2*k**3/3 - k**2. Calculate the remainder when u is divided by t(3).
7
Suppose 1 = -g - 4*x + 11, 0 = 3*x + 6. What is the remainder when g is divided by 6?
0
Let b = 1 - -4. Suppose 85 = -b*y + 10*y. What is the remainder when y is divided by 5?
2
Let x(a) = 2*a + 1. Let s be x(-2). Let v be (-15)/s - 0 - -2. Let j = 10 - v. Calculate the remainder when 5 is divided by j.
2
Let a be (3/(-1))/(15/(-10)). Suppose 7 + 1 = a*z. What is the remainder when z is divided by 3?
1
Suppose -2 = 2*k - 3*k. Suppose o + 9 = k*o. Let t = o + 7. What is the remainder when t is divided by 6?
4
Let z = 32 + 31. What is the remainder when z is divided by 16?
15
Suppose -5 = 5*v, 3 + 122 = -4*c + 3*v. Calculate the remainder when 1/3 - (-83)/3 is divided by ((-10)/8)/(4/c).
8
Suppose 24 = 2*h - 38. Calculate the remainder when h is divided by 11.
9
Suppose -6*y = -8*y + 38. Suppose -4*z - 5 = -5*z. Suppose 26 = z*k - y. What is the remainder when 17 is divided by k?
8
Suppose -16 = 4*m, o = 6*o - m - 224. Calculate the remainder when o is divided by 15.
14
Let d(r) = 4*r**2 - 4*r - 5. Let q = -12 + 10. Calculate the remainder when d(q) is divided by 7.
5
Suppose 4*g - 2*s + 7*s = 104, -s - 52 = -2*g. Let t = -6 - -44. Suppose -4*w + 0 = -r - t, -4*w = 5*r - g. Calculate the remainder when 33 is divided by w.
6
Let m = 3 - 3. What is the remainder when 25 is divided by 6/(-2) - (m - 16)?
12
Suppose 216 = -3*o + 15*o. What is the remainder when o is divided by 4?
2
Suppose 2*j + 13 = 17*y - 16*y, -4*j - 16 = 0. Calculate the remainder when 32 is divided by y.
2
Suppose -2*x = 4*a - 6*x - 16, 4 = -2*a - 2*x. Let v = 8 - a. Suppose -v = -3*h + 14. What is the remainder when h is divided by 4?
3
Let f(h) = 2*h**2 - h + 4. Let y be f(-6). Suppose 2*c = 2*q + 2*q - y, -81 = -3*q - 5*c. What is the remainder when q is divided by 1 + (-11)/(1 - 2)?
10
Let n be 8/44 + 46/(-11). What is the remainder when 4/n*(-2 - 3) is divided by 3?
2
What is the remainder when 133 is divided by -34*3/(-5 + 2)?
31
Let i = -86 + 57. Let c = -20 - i. What is the remainder when 34 is divided by c?
7
Suppose -9 = n + 2*n, -4*f + 37 = -3*n. Calculate the remainder when f is divided by 2.
1
Suppose 0 = j + 2*l - 6*l - 28, -j - 5*l = 8. Calculate the remainder when 34 is divided by j.
10
Suppose -q + 7 = -14. Calculate the remainder when 41 is divided by q.
20
Calculate the remainder when 69 is divided by (-19 + (4 - 3))/(-1).
15
Let g be 64/(-28) + 4/14. Let x(c) = -3*c**3 - c**2 - 2*c - 2. Suppose 3*p = 8*p - 60. What is the remainder when x(g) is divided by p?
10
Let w(f) = 2*f**2 - 14*f - 24. What is the remainder when w(11) is divided by 13?
12
Suppose -n - 13 = -2*n. Suppose -135 = -n*h + 8*h. What is the remainder when h is divided by 10?
7
Let p be (6/18)/(1/15). Suppose -3*a + 4*l - 4 = -p*a, -a - l = -7. Calculate the remainder when a is divided by 5.
2
Let s = 0 + 4. Let k be (1/2)/(1/s). Suppose -20 = -k*b + 24. What is the remainder when b is divided by 12?
10
Suppose 5*c = 23 + 12. What is the remainder when c is divided by 4?
3
Suppose 33 + 12 = 5*w. Calculate the remainder when 60 is divided by w.
6
Suppose 0 = 4*c - 3*c - 8. Calculate the remainder when 14 is divided by c.
6
Suppose -2 = -o + 24. What is the remainder when 77 is divided by o?
25
Calculate the remainder when 21 is divided by (-1 - -12)/(9 + -8).
10
What is the remainder when 25 is divided by (-3)/6*(-4 + -10)?
4
Suppose 0 = -0*m - 3*m + 6. Suppose -p = -5*j - 23, 15 + 8 = p - m*j. Calculate the remainder when p is divided by 13.
10
What is the remainder when 98/(-7)*3/(-6) is divided by 6/(6*(-1)/(-4))?
3
Let h = -113 - -119. What is the remainder when 28 is divided by h?
4
Suppose -3*s - 15 = -54. What is the remainder when 48 is divided by s?
9
Suppose 4 + 53 = 3*h. Let a = -1 - -1. Suppose 5*w - 298 + 18 = a. What is the remainder when w is divided by h?
18
Let t(i) = i**2 + 2*i + 4. Suppose 3*d + 3 = 2*d. Let z be t(d). Let k(g) = 2*g**2 - 6*g - 9. What is the remainder when k(z) is divided by 16?
15
Let s(n) = -7*n**3 - 2*n**2 + 1. Calculate the remainder when 10 is divided by s(-1).
4
Let y = -8 - -11. Suppose -y*t + 174 = 21. Suppose -3*c = -0*c - t. Calculate the remainder when 49 is divided by c.
15
Let a(u) = 10*u**2 + 3*u - 3. Suppose 0*f + 55 = 5*f. Calculate the remainder when a(2) is divided by f.
10
Let n(p) = 13*p**2 + p. Let q be n(-1). Suppose -i = -4*i + q. Calculate the remainder when 17 is divided by i.
1
Let v be -3 + (0 - -188) - -3. Suppose 3*j - v = -j. Calculate the remainder when j is divided by 12.
11
Let s = -69 + 259. What is the remainder when s is divided by 65?
60
Suppose -4*n + 101 + 83 = 0. What is the remainder when n is divided by (-1)/(-1 - 0) + 15?
14
Let u be (-1 - (1 + -1)) + 3. Let m be 13 + 1/(-2)*u. Suppose -2*i = i - m. Calculate the remainder when i is divided by 2.
0
Let s(h) = -5*h - 7. Calculate the remainder when 24 is divided by s(-4).
11
Let h(m) = -m + 27. What is the remainder when h(0) is divided by 42/(-27)*3*-3?
13
Let n(m) = -m**3 + m**2 + m + 31. What is the remainder when 59 is divided by n(0)?
28
Calculate the remainder when 47 is divided by 3 + 1 - (-23 + 3).
23
Let z = 184 - 130. Let p = -10 + z. Calculate the remainder when p is divided by 15.
14
Suppose 5*i - 4*i - 6 = 0. What is the remainder when 11 is divided by i?
5
Suppose -62 = 14*i - 15*i. What is the remainder when i is divided by 21?
20
Suppose 4*a - 2*c + 10 = 0, -5*a - 10 = -5*c + 15. Suppose a = -2*i + 6*i + 444. What is the remainder when 12 is divided by i/(-15) + (-2)/5?
5
Suppose -3*s + 316 = 1. Suppose 0 = 2*k - 5*k + s. What is the remainder when k is divided by 9?
8
Let k = 84 - 58. Calculate the remainder when 102 is divided by k.
24
Suppose 29 = r - 21. Suppose 0 = -5*h - 3*l + 230, 3*h - l - 88 = r. What is the remainder when h is divided by 12?
10
Suppose -2*a - m + 10 = -0*a, -3*a = 4*m - 5. Suppose -95 = -5*q + 4*w, 0*w - 95 = -5*q + 3*w. Calculate the remainder when q is divided by a.
5
Suppose 2 = -4*l + 38. Let v = 13 - l. Calculate the remainder when 6 is divided by v.
2
Suppose 0 = 3*g - 15 - 30. Calculate the remainder when (1 - (0 - -1)) + 44 is divided by g.
14
Suppose -3*k = -24 + 6. Let n = -8 + 2. Let l = n - -17. What is the remainder when l is divided by k?
5
Let y be 64/4 + (1 - -2). Suppose -v + 2 = -y. Calculate the remainder when 61 is divided by v.
19
Let o(d) = d**2 - 8*d - 10. What is the remainder when o(12) is divided by 10?
8
Let x be (-3)/12 - (-42)/8. Suppose x*m = -1 + 31. Suppose -t + q + 1 = 0, q - 3*q + 6 = 0. Calculate the remainder when m is divided by t.
2
Suppose -3*o + 10 = -2. Suppose -z - 2*n + 1 = -0*n, -o*n = -4. What is the remainder when 73 is divided by (z - -30) + -3 - 1?
23
Let x(i) = i**3 + 12*i**2 - 13*i + 3. Calculate the remainder when 10 is divided by x(-13).
1
Suppose 0*i - i - 5 = 3*q, 5*i = 2*q + 26. What is the remainder when 19 is divided by i?
3
Let k = -13 - -21. Calculate the remainder when k is divided by 3.
2
Let j(c) = -2*c. What is the remainder when 29 is divided by j(-3)?
5
Let m(c) = -2*c + 13. What is the remainder when 23 is divided by m(4)?
3
Suppose -1 = 4*i - 129. Calculate the remainder when 125 is divided by i.
29
Let o = 13 + 1. What is the remainder when 39 is divided by o?
11
Suppose -t + 4*j + 78 = -55, -2*t + 2*j + 242 = 0. Calculate the remainder when t is divided by 30.
27
Let a = -4 - -6. Su